0.
2, 3, 5, 3769
List the prime factors of 1203798.
2, 3, 313, 641
What are the prime factors of 385082?
2, 31, 6211
What are the prime factors of 567766?
2, 17, 16699
List the prime factors of 955936.
2, 29873
What are the prime factors of 113458?
2, 17, 47, 71
List the prime factors of 4104268.
2, 7, 146581
What are the prime factors of 235679?
235679
List the prime factors of 8172771.
3, 2724257
What are the prime factors of 98558?
2, 49279
List the prime factors of 4626364.
2, 1156591
List the prime factors of 893585.
5, 7, 11, 211
What are the prime factors of 252539?
7, 43, 839
List the prime factors of 7804811.
7, 1114973
List the prime factors of 2904732.
2, 3, 80687
List the prime factors of 13841138.
2, 6920569
What are the prime factors of 446342?
2, 13, 17167
What are the prime factors of 6103858?
2, 3051929
List the prime factors of 70317.
3, 13, 601
List the prime factors of 2054952.
2, 3, 28541
What are the prime factors of 165418?
2, 11, 73, 103
List the prime factors of 671606.
2, 13, 1987
List the prime factors of 1295387.
1295387
List the prime factors of 390810.
2, 3, 5, 7, 1861
List the prime factors of 16617611.
503, 33037
List the prime factors of 33978138.
2, 3, 17, 179, 1861
List the prime factors of 2037253.
2037253
What are the prime factors of 8431349?
31, 211, 1289
What are the prime factors of 3869604?
2, 3, 47, 2287
What are the prime factors of 1772692?
2, 17, 131, 199
What are the prime factors of 4982359?
4982359
What are the prime factors of 3546250?
2, 5, 2837
What are the prime factors of 520021?
520021
List the prime factors of 15683288.
2, 181, 10831
What are the prime factors of 694800?
2, 3, 5, 193
What are the prime factors of 8894615?
5, 37, 48079
What are the prime factors of 841171?
587, 1433
List the prime factors of 445127.
241, 1847
List the prime factors of 551155.
5, 11, 911
What are the prime factors of 5782998?
2, 3, 13, 151, 491
List the prime factors of 1135595.
5, 383, 593
List the prime factors of 2352125.
5, 31, 607
List the prime factors of 2209192.
2, 271, 1019
List the prime factors of 582023.
13, 44771
What are the prime factors of 7421498?
2, 7, 641, 827
What are the prime factors of 792386?
2, 7, 56599
What are the prime factors of 562823?
83, 6781
List the prime factors of 3537030.
2, 3, 5, 7, 16843
What are the prime factors of 73128?
2, 3, 11, 277
What are the prime factors of 184595?
5, 36919
List the prime factors of 7972618.
2, 3986309
List the prime factors of 192489.
3, 11, 19, 307
List the prime factors of 622788.
2, 3, 51899
List the prime factors of 8365803.
3, 1229, 2269
What are the prime factors of 3894850?
2, 5, 61, 1277
List the prime factors of 2804728.
2, 17, 41, 503
List the prime factors of 34134183.
3, 191, 6619
List the prime factors of 9034672.
2, 564667
List the prime factors of 13093379.
13, 257, 3919
List the prime factors of 24661641.
3, 373, 22039
What are the prime factors of 15927085?
5, 3185417
List the prime factors of 808797.
3, 11, 24509
List the prime factors of 1003191.
3, 7, 23, 31, 67
What are the prime factors of 684760?
2, 5, 17, 19, 53
List the prime factors of 29684025.
3, 5, 7, 47, 401
List the prime factors of 11165115.
3, 5, 13, 31, 1847
List the prime factors of 7301361.
3, 103, 23629
What are the prime factors of 340324?
2, 85081
What are the prime factors of 2131387?
23, 92669
What are the prime factors of 16113666?
2, 3, 137, 19603
What are the prime factors of 3569875?
5, 28559
What are the prime factors of 379191?
3, 126397
What are the prime factors of 6749811?
3, 47, 197
List the prime factors of 93515.
5, 59, 317
What are the prime factors of 4123020?
2, 3, 5, 11, 6247
What are the prime factors of 24224349?
3, 8074783
What are the prime factors of 495136?
2, 15473
What are the prime factors of 2120540?
2, 5, 229, 463
List the prime factors of 34728917.
1327, 26171
What are the prime factors of 3936541?
7, 37, 15199
List the prime factors of 12700537.
12700537
What are the prime factors of 136089?
3, 15121
What are the prime factors of 205864?
2, 25733
What are the prime factors of 4168474?
2, 23, 90619
What are the prime factors of 206067?
3, 149, 461
What are the prime factors of 504306?
2, 3, 11, 283
List the prime factors of 75247.
47, 1601
What are the prime factors of 93998?
2, 43, 1093
List the prime factors of 267319.
13, 20563
List the prime factors of 84584.
2, 97, 109
List the prime factors of 1097142.
2, 3, 182857
What are the prime factors of 842979?
3, 17, 16529
What are the prime factors of 6538862?
2, 11, 29, 37, 277
What are the prime factors of 8064176?
2, 504011
What are the prime factors of 35392?
2, 7, 79
List the prime factors of 1500301.
11, 17, 71, 113
List the prime factors of 1523307.
3, 293, 1733
What are the prime factors of 3374238?
2, 3, 7, 23, 499
What are the prime factors of 623730?
2, 3, 5, 17, 1223
What are the prime factors of 607622?
2, 149, 2039
List the prime factors of 2123936.
2, 66373
List the prime factors of 305583.
3, 37, 2753
What are the prime factors of 5981725?
5, 23, 101, 103
List the prime factors of 331014.
2, 3, 43, 1283
What are the prime factors of 363739?
53, 6863
List the prime factors of 4321553.
17, 254209
What are the prime factors of 1795550?
2, 5, 35911
What are the prime factors of 2796315?
3, 5, 277, 673
List the prime factors of 1896540.
2, 3, 5, 73, 433
List the prime factors of 3447746.
2, 23, 241, 311
List the prime factors of 6201579.
3, 79, 137, 191
List the prime factors of 44247.
3, 7, 43
List the prime factors of 588607.
107, 5501
What are the prime factors of 229591?
229591
What are the prime factors of 3980277?
3, 7, 63179
What are the prime factors of 4197197?
4197197
What are the prime factors of 7032239?
29, 242491
What are the prime factors of 397916?
2, 31, 3209
What are the prime factors of 3678616?
2, 73, 6299
List the prime factors of 1287230.
2, 5, 7, 37, 71
What are the prime factors of 5795837?
5795837
List the prime factors of 2096425.
5, 83857
What are the prime factors of 123737?
123737
List the prime factors of 1355560.
2, 5, 33889
What are the prime factors of 3480?
2, 3, 5, 29
List the prime factors of 256638.
2, 3, 42773
What are the prime factors of 7580555?
5, 17, 101, 883
What are the prime factors of 1937030?
2, 5, 193703
What are the prime factors of 674575?
5, 11, 223
List the prime factors of 1923323.
1923323
List the prime factors of 1394844.
2, 3, 11, 10567
List the prime factors of 7858827.
3, 823, 1061
What are the prime factors of 1329823?
11, 53, 2281
List the prime factors of 2854313.
7, 11, 19, 1951
List the prime factors of 166688.
2, 5209
List the prime factors of 111557.
281, 397
List the prime factors of 809629.
809629
List the prime factors of 331919.
7, 47417
What are the prime factors of 4463161?
113, 127, 311
What are the prime factors of 435220?
2, 5, 47, 463
List the prime factors of 3700693.
719, 5147
What are the prime factors of 16781221?
509, 32969
List the prime factors of 544554.
2, 3, 30253
What are the prime factors of 457944?
2, 3, 19081
What are the prime factors of 10164679?
7, 41, 107, 331
What are the prime factors of 862608?
2, 3, 17971
List the prime factors of 1672506.
2, 3, 11, 8447
List the prime factors of 933205.
5, 7, 13, 293
What are the prime factors of 317670?
2, 3, 5, 10589
What are the prime factors of 1593427?
11, 17, 8521
List the prime factors of 4346304.
2, 3, 22637
List the prime factors of 485110.
2, 5, 139, 349
What are the prime factors of 341536?
2, 13, 821
List the prime factors of 27938948.
2, 29, 240853
What are the prime factors of 23114229?
3, 137, 56239
What are the prime factors of 11584251?
3, 7, 183877
What are the prime factors of 30150220?
2, 5, 977, 1543
List the prime factors of 2732057.
79, 34583
What are the prime factors of 510265?
5, 7, 61, 239
What are the prime factors of 31155599?
29, 59, 131, 139
What are the prime factors of 2571422?
2, 7, 19, 1381
What are the prime factors of 5309234?
2, 7, 601, 631
What are the prime factors of 188570?
2, 5, 109, 173
List the prime factors of 2144357.
103, 109, 191
What are the prime factors of 6037437?
3, 7, 67, 613
What are the prime factors of 109517?
109517
List the prime factors of 70519.
97, 727
List the prime